he value of -6 - (-37 + (46 - 0))?
-15
What is the value of 0 - -7 - 6 - (15 + -26 + -17) - 6?
23
Evaluate 36 + (28 - (29 - -81)).
-46
What is 1 + (2 - 8) + -1 + 7 + 8?
9
-99 + 88 - (3 - -7 - -12)
-33
Calculate -33 + (0 - -22 - (-1997 + 1938)).
48
-29 + (-42 - -72 - 7 - -116)
110
15 - -1 - (97 - 63) - 33
-51
What is (0 - (132 + -150)) + 0 + 1 + -16?
3
What is 0 + 1 - (-7 - (38 - 7) - -19)?
20
What is the value of -63 - (0 - 0 - 2) - (-706 - -251 - -447)?
-53
What is the value of -70 - -33 - (-143 - -227)?
-121
-9 + 26 + 125 + -154
-12
What is the value of (1 - (-26 - 1)) + (171 + -157 - 24)?
18
Evaluate (14 - 1) + (-56 - -64 - -15).
36
84 + 350 + -500 - (-1 + 45)
-110
Calculate (-26 - (11 + 4)) + 12 - 81.
-110
What is (-15 - -49) + (16 - (0 + -5)) + 16?
71
What is the value of -3 - 78 - (-1962 - -1825)?
56
35 + 17 + -36 + (5 - 31 - 2)
-12
Evaluate 4455 + -4476 - ((2 - 2) + 13).
-34
What is the value of (52 + -122 - -135) + 47?
112
What is 1 + 5 + (-45 - -44 - 10) + 23?
18
Evaluate -37 - (4 + 80 + -90).
-31
What is the value of -12 - (-57 - (27 + -28))?
44
(9 - (15 + -17)) + (-30 - -40) + 1 + -138
-116
What is (-143 - (-81 + -64)) + (-16 - 2)?
-16
Evaluate (-78 - -59 - (-4 + 24)) + 0.
-39
Evaluate -31 + (1 + -1 - (-11 + (12 - (-6 - -2)))).
-36
What is 14 + 10 - 12 - 17 - (0 - 58)?
53
-47 - (-56 + 16) - ((-14 - 2) + -2 + 7)
4
Evaluate 48 + -34 + 44 + -4.
54
Evaluate -23 - (-39 - -107 - 3) - 40.
-128
What is the value of 53 + 0 - (21 + 0 - (-54 + 74))?
52
Evaluate -146 - -143 - (-51 + -2) - (-6 + -3).
59
(-33 - -64) + -30 + 11 + 17
29
What is the value of 16 + 11 + -35 + 4 + (-2 - -4) + 2?
0
What is 2 - (-12 + 4) - (5 - (-21 - -15))?
-1
Evaluate -75 + (-76 + 65 - -107).
21
Evaluate -7 + 109 + (-544 - -479).
37
What is -987 - -1065 - (8 - (4 + -6))?
68
What is the value of 4 - (-67 + 66) - (-5 + 4 + 20)?
-14
Evaluate 70 + (26 - (7 - (-19 + 29))).
99
What is the value of 23 + 83 + (5 + -2 - (3 + 11 - 4))?
99
What is -86 - (-435 + 470 + (-22 - 0))?
-99
What is 32 + (-27 + 111 - 39 - -13)?
90
What is -24 - (-52 + 14 - -9)?
5
Evaluate -7 + -40 + (57 - 34) + 81.
57
What is -68 + 146 - (-38 - -21)?
95
-19 - (11 - (31 - 19)) - -75
57
Evaluate -9 + 13 - (37 - 69 - -11).
25
Calculate 1566 - 1543 - (5 - 5 - -95).
-72
Calculate 7 + (48 - (0 + (-7 - (12 + (-19 - 9))))).
46
Evaluate -15 + -2 + (18 - 1) + 21.
21
Calculate 60 + (-19 + 11 - -29) + -42.
39
What is the value of -8 + 2 + (28 - (-38 + (-23 - -32)))?
51
What is the value of -27 - (-52 + 26 + -49 + -33)?
81
Evaluate (23 - (-96 - -56)) + 23.
86
What is the value of -10 + 7 + -12 + (26 - 0)?
11
What is -15 + (62 - 4 - (-48 + 66))?
25
What is the value of -607 - -499 - (-17 - -5)?
-96
10 + (13 - 6 - 4) + (-49 - 7)
-43
-257 - -238 - (-4 + (-4 - (107 - 1)))
95
What is the value of -6 - (0 - 17 - (-25 + 0 + 31))?
17
Calculate 81 - ((1 - 8) + 3 + 9 + 3 + -1).
74
-80 + -3 + (-23 + 44 - (14 - -3))
-79
Calculate (14 - (4 + -5 + 10)) + (57 - 7).
55
What is -46 - (46 + -8 + -100)?
16
What is (75 - 58 - 62) + (-3 - (0 + -3)) + -5?
-50
Evaluate 1 + -52 + 33 - (-2 - 68).
52
What is the value of (-21 - 2 - (7 - 1)) + 14?
-15
What is the value of 2111 + -2136 - (-46 + -4)?
25
Calculate (-14 - 10) + 10 + -6 - (2 + 2 + -13).
-11
Evaluate (20 - 26) + -7 + 47.
34
Calculate -80 - (-40 + (-5 - 32)).
-3
What is the value of -21 - (2 + (6 + 9 - -72) - 18)?
-92
Calculate -6 - 3 - (9 - (-2 + -1)).
-21
21 - -1 - (25 + 0)
-3
Calculate (0 - 0) + 1 - (-19 + 20 - (-64 + 10)).
-54
19 - (78 + (107 - 164))
-2
47 + ((52 - -1) + -45 - (8 - (-1 - -3)))
49
What is -16 - ((10 - 42) + 38)?
-22
(0 + -3 - -6) + (-18 - (9 + -30 + -46))
52
-1397 + 1383 - (0 + -2 - -68)
-80
What is the value of (-11 - (2 - (-9 + 40))) + -16?
2
Evaluate 2852 + -2803 - (-2 + -2).
53
Calculate (-5 - -74) + 985 + -965 + -8 + 0.
81
What is -10 + (10 - 12) + 6 - 15?
-21
Evaluate -1 + 9 + (-17 - (-788 + 787 + 65 + 1)).
-74
Evaluate (0 - 0) + (4 - 10) - (1 + 5 + -53).
41
What is the value of 29 - -9 - -8 - (-12 - (-13 + -11))?
34
Evaluate (-14 - ((-12 - (80 - 17)) + 5)) + -4.
52
Evaluate 37 - (-8 + (25 - (16 - 4))).
32
What is the value of 40 + (-28 - -1 - 46)?
-33
What is ((3 - -20) + -10 - 19) + -14?
-20
Calculate -112 + 108 + (-4 + 1 - 1) + -8.
-16
What is the value of -78 - 2 - (3 + (-3 - 0))?
-80
Evaluate 215 + -442 + 169 + (30 - -1).
-27
(7 - -3) + -6 + 80 + -41
43
Calculate 4 - (2 + -16 + -6 - -10 - -15).
-1
What is the value of (12 - (50 - 22) - 67) + (3 - (-1 - -3))?
-82
What is -4 - (-21 + 0) - (189 - 169)?
-3
Evaluate -15 + (12 - 13) + -14 + 16 - 62.
-76
What is 9 + -1 + 18 + -56 + 52?
22
What is the value of -443 + 454 - (-3 + 2) - -59?
71
What is (1 - 0) + (53 + -56 - (3 + 4) - -8)?
-1
What is 1 + 16 + (9 - 14) - (-53 + 55)?
10
Evaluate 53 + -12 - (-49 - 0).
90
-14 + (1 - 57) + 65 + -62
-67
What is -57 - (-44 + 94 - 72)?
-35
Calculate -71 + (30 - 16) + 26.
-31
What is the value of (5 - 74) + (-2 + 5 - 0) + (324 - 320)?
-62
Evaluate 32 - (204 + -32 + -103).
-37
What is the value of 28 - (55 - (63 + -2))?
34
Calculate -9 + 3 + -14 + (28 - 37).
-29
What is -82 + 86 - -85 - 138?
-49
What is the value of -19 - (-32 - (-2 + 0)) - (-2 + 2 + 24)?
-13
What is the value of 11 + -88 + -11 + 56 + (-1 - (0 - -1))?
-34
Calculate (16 - (11 - (15 - (-23 + 10)))) + -1 + -10.
22
What is -15 - (-20 + -7 + 19 - 5)?
-2
What is the value of (0 - (-4 - -2)) + -156 + 132 + 3?
-19
What is -10 + 123 - 76 - (0 - -27)?
10
What is -26 - (34 + (53 + -11 - 6))?
-96
What is the value of 3 - (6 - (3 - -2)) - 5 - (45 - 3)?
-45
(687 - 701) + -19 + -8 + 7
-34
Evaluate -114 + -1 - ((-2 - (-7 - 3)) + 159 + -170).
-112
-29 + (0 - (-12 + 8)) + -12 + 0
-37
4 + -44 + (8 - (8 + -6 + -2 - -10))
-42
Calculate -46 - 9 - (10 - 34).
-31
What is 97 - (90 + -33) - 81?
-41
Evaluate -1 - -18 - (2368 - 2377) - -125.
151
Calculate 16 - (-102 + 84 - -32).
2
What is (-84 + 58 - -26) + 2 + 3 - 21?
-16
Evaluate -11 + 9 - (4 + -22 - -9) - 22.
-15
What is the value of 10 - (-2 + 8 + -51)?
55
What is 84 - (-23 - -111) - (16 + -1)?
-19
Evaluate 55 + -62 + -80 + 57.
-30
(-179 - -273) + -103 - (1 - (-78 + -2))
-90
What is -137 - -131 - (1 - (0 + (-28 - 2)))?
-37
What is (26 - (35 + -38)) + 12 + 5?
46
Evaluate (-97 - -167) + -8 + -28 + -1.
33
33 - (15 - (-54 - -36)) - (0 + 0 + 31)
-31
Calculate (-929 - -1008) + (3 - 77).
5
Evaluate (-406 - -401) + -58 + (3 - 5) + 2 + 2.
-61
Calculate (-268 - -272 - (-3 - (-13 + 1))) + 61.
56
Evaluate (-36 - -40 - ((50 - -3) + 2)) + -6.
-57
Calculate (4373 - 4442) + (-1 - 12) + -2 - -3.
-81
Calculate -5 + (0 + -14 - -17 - (2 + 1)) + -17.
-22
12 - (20 - (-8 - (13 + -21 + -42)))
34
What is 3 - 18 - ((84 - -3) + -2 + -25)?
-75
(-109 - -18 - -36) + 52
-3
Evaluate -11 + (-56 - -11) + -15 + 11 + 15.
-45
What is the value of 3 + -7 + -13 + (19 - 11) - (-8 + -1)?
0
-32 + 14 + (-6 - -10) + 0
-14
Calculate -38 + (-2 - 4) - (-31 - (37 + -73)).
-49
1 + 1 + 6 + -1 + -16 + 608 + -595
4
21 + 9 + 20 + -49 - 23
-22
Evaluate -3 - 20 - (-35 + 50).
-38
Evaluate -318 + 277 - (3 + 66).
-110
What is the value of 8 + -18 + (-18 - (-10 + 4)) + 25?
3
Calculate (-4 + (4 - (6 + 2)) - -12) + (0 - -48).
52
Evaluate (-16 - -13) + -8 + (-1 - -7 - (3 + 8)).
-16
What is the value of 12 - (-12 + 4 + 11) - (-31 - -35)?
5
Evaluate 147 + -59 + -54 + 9.
43
What is 2 - (-20 - 1 - -33 - 31)?
21
(95 + -4 - -12) + 65 + -71
97
What is 5 + (11 - -67 - 12) - 22?
49
What is the value of 7 + -2 + -1230 + 1191?
-34
108 - 78 - (72 + -3)
-39
What is -60 - (45 + -17 + -42)?
-46
29 + (-32 - (-28 + 34))
-9
What is the value of -5 - (16 + -4 + (31 - 25))?
-23
What is the value of 5 + (-18 - 70) + 23 + (-2 - -13)?
-49
(-33 - 9) + 61 - (26 + -3)
-4
What is the value of 1 - ((2 - (-1 + 7)) + -19 - -10)?
14
What is (111 - 108) + (5 - ((-4 - -8) + -19))?
23
Evaluate -1 + 1 - 7 - (214 - (-98 - -368)).
49
(82 - 149) + 77 + 52
62
52 - (25 + 2 + 44 + -54)
35
What is the value of 3 + (3 + 0 + -5 - -15) + 52?
68
What is the value of -36 + -1 + -410 + 448?
1
Evaluate 26 + 1 + ((-1 + 17 - 28) + 19 - -3).
37
Evaluate -21 + 8 - 40 - (-12 - 0) - 11.
-52
(3122 - 3114) + (-2 - -36)
42
Calculate -4 + -49 + 21 + -5.
-37
54 + -20 - 1 - (-10 + 164)
-121
What is (-8 - (14 - -14 - 15 - 7)) + 8?
-6
Evaluate -102 - 8 - (-518 - -315).
93
29 + (-17 - (-6 - (-11 + 18)